its digit of o?
3
Let k(f) = 3*f**3 + 56*f**2 + 16*f + 131. What is the thousands digit of k(-13)?
2
Let r(n) = 60*n - 96. Let j(q) = 12*q - 19. Let p(w) = -14*j(w) + 3*r(w). Let f(u) = u**3 + 8*u**2 + 11*u + 4. Let i be f(-6). What is the tens digit of p(i)?
9
Let r = -171 - -122. Let g = r - -76. Suppose -g*m + 784 = -23*m. What is the hundreds digit of m?
1
Suppose -23 - 1 = 4*p. Let w(f) = -f + 10. Let j(c) = c - 9. Let n(o) = p*j(o) - 5*w(o). What is the tens digit of n(-14)?
1
Suppose 207 = -5*f + 3*f - 5*p, -4*f + p - 359 = 0. Let l = f - -104. Suppose 8*x = l*x - 525. What is the units digit of x?
5
Suppose -5966 = -14*q - 506. Suppose -5*v + 3*h = -2*h - 1935, -2*h + q = v. What is the tens digit of v?
8
Let y(k) = -10*k - 21. Let u be y(11). Let b = 121 + u. Let h = b + 101. What is the tens digit of h?
9
Let m(p) = 82*p**2 - 180*p - 34. What is the tens digit of m(-9)?
2
Let r(s) = -4*s**2 - 32*s - 20. Let q be r(-7). What is the hundreds digit of -10 - (-78)/q - 1522/(-8)?
1
Suppose -10*m - 32 = -22. What is the tens digit of (m - -223) + (-6 - 10 - -15)?
2
Suppose 0 = -4*k - 4*z - 44, 4*k + 17 = z - 32. Let m be -724*(18/k - -1). Let w = m - 112. What is the hundreds digit of w?
2
Let x be (-2789)/(-3) - ((-119)/(-21) + -6). Suppose -1959 = -3*k + 4*o + 791, -2*o + x = k. What is the units digit of k?
2
Suppose 4*y - 111924 = -7*r, 8*y - 7*y - r = 27981. What is the hundreds digit of y?
9
Let g(k) = 405*k - 604. What is the hundreds digit of g(22)?
3
Suppose -19*s + 10*s + 3690 = 0. Suppose 2*q + 0*q + w = s, 832 = 4*q - 4*w. What is the hundreds digit of q?
2
Let o(r) be the third derivative of 41*r**4/24 + 15*r**3/2 - r**2 + 3. What is the units digit of o(7)?
2
Let w be (-3)/12 + 194/8. Suppose 27*j = w*j. Suppose 0 = -2*f - j*b + 4*b + 50, 3*f - 73 = 4*b. What is the tens digit of f?
2
Suppose 138 = 8*n - 1742. Suppose -231*z + n*z = 2064. What is the units digit of z?
6
Let b be -5*((-4)/(-10))/((-2)/5). Suppose 2*p = b*y + 1838, -y = 1 - 3. What is the units digit of p?
4
Suppose 0 = -275*o + 271*o - 2*h + 95096, -o = -h - 23771. What is the units digit of o?
3
Let i(x) = x**3 + 11*x**2 + 17*x - 19. Let w be i(-8). What is the hundreds digit of w*(-152)/(5 - 13)?
7
Let p be (2 + -8)/(36/(-24)). Suppose -2*o + 8*f = 12*f - 934, p*o + 4*f - 1852 = 0. What is the hundreds digit of o?
4
Let z be 8*(-6)/(-192) - 95/(-4). Suppose -g - 87 = -5*i, -4*g + z = i - 2*g. Suppose i*h - 49 = 17*h. What is the units digit of h?
9
Let t = 9041 + -6565. What is the thousands digit of t?
2
Suppose 2*t - 16 = -0*t. Let q be t/(-20) + 44/10. Suppose -q*r - 5*l = -229, 3*l - 6*l + 168 = 3*r. What is the tens digit of r?
5
Suppose -4*h - j - 20852 = -5*j, -4*h - 5*j - 20807 = 0. Let t = h - -8031. What is the tens digit of t/21 + (-4)/(-7)?
3
Let n = 17153 - 12122. What is the thousands digit of n?
5
Suppose g - 278 = 5*x, 3*g + 5*x = -2*g + 1390. Let m = g + -216. What is the tens digit of m?
6
Let x be -3 + (2 - 2813) - -4. What is the hundreds digit of x/30*(-3 - 0)?
2
Suppose 48*u + 6 = 46*u, -3*u + 4259 = 2*s. What is the tens digit of s?
3
Let z(h) = 2*h**3 + 4*h - 5. Let c = -8 + 6. Let d be 3 + 0/(c + 4). What is the units digit of z(d)?
1
Suppose -266*k + 38*k = -3196172 - 4021168. What is the units digit of k?
5
Let n(i) = -2*i + 33. Suppose d - 3 = -7, 2*u - 48 = 4*d. Let v be n(u). Suppose r = 3 + v, -4*r + 373 = 3*w. What is the hundreds digit of w?
1
Suppose i - 5*i + 13 = k, 3*i - 3*k - 21 = 0. Suppose g = 2*l + 590, 1392 = -5*g + i*l + 4366. What is the tens digit of g?
9
Let d be (-11 + 95)*(2/(-6) + 1). Suppose -2*b - 4*z - 10 = d, 3 = 3*z. What is the tens digit of b/2*12*8/(-15)?
1
Let b be (-122 - -125)*1/(-3)*722. Let h = b - -1555. What is the units digit of h?
3
What is the units digit of (835/20)/((-4070)/2040 + 2)?
7
Let j = -65710 - -106222. What is the thousands digit of j?
0
Let c = 176 - 118. Let v = c + -53. Suppose 3*g - 3*w - 87 = 0, g - 2*g - v*w = 1. What is the tens digit of g?
2
Let b(k) = 71*k**3 - 38*k**3 - 35*k**3 - 4*k**2 + 0*k**2 - 8 + 6*k. Let r = -21 + 16. What is the units digit of b(r)?
2
Let s = -146 + 162. Suppose 4*g = -n + 132, -n + 5*n = -s. What is the tens digit of g?
3
Suppose 0 = 2*m - k - 243, 2*k = 5*m + 5*k - 624. Let r be 3/(-3)*(-64 + 3). Let i = m - r. What is the tens digit of i?
6
Let x(d) = 682*d - 17. What is the units digit of x(14)?
1
Let u = -17909 - -35007. What is the tens digit of u?
9
Suppose -60*q + 63*q = 42. Suppose 1736 = -0*b + q*b. What is the hundreds digit of b?
1
Let y(j) = -j**2 + 3*j + 31. Let i be y(7). Suppose 0 = -i*x - 2*v + 2561, x = 13*v - 16*v + 856. What is the tens digit of x?
5
Let y(d) = 618*d**3 - 252*d + 1011. What is the tens digit of y(4)?
5
Let i = -4652 + 14107. What is the units digit of i?
5
Let s(n) be the second derivative of n**4/6 - 9*n**3/2 - 5*n**2 + 14*n. Let r be s(14). Let c(p) = p**3 + p - 1. What is the tens digit of c(r)?
6
Suppose 12165 = 8*z - 13467. What is the tens digit of z?
0
Suppose -48*x - 8543 = 28897. What is the hundreds digit of (-2678)/(-18) + (x/(-108) - 7)?
1
Suppose -4*n + 738 + 118 = 0. Suppose 12 = -2*y + n. What is the hundreds digit of y?
1
Suppose 120*h - 110*h = 90. Suppose 0 = j + 3*c - 1629, -7*c + 3298 = 2*j - h*c. What is the tens digit of j?
4
Let g(o) = 233*o**3 + 11*o**2 + 7*o - 2. Let h(y) = -116*y**3 - 5*y**2 - 3*y + 1. Let t(c) = -4*g(c) - 9*h(c). What is the tens digit of t(1)?
1
Let w = -31 - -36. Suppose 15 = w*f, -2*x - 17 - 47 = 2*f. What is the tens digit of (-296)/14*x/10?
7
Suppose -5*z = 56 + 124. Let v be 56/10 - z/(-60). Suppose -11*g = -4*y - 9*g + 338, -g + v = 0. What is the units digit of y?
7
Let r(i) = 4*i - 28. Let k be r(6). Let p be (4 - 760/(-4)) + k. Suppose -p + 54 = -4*h - 3*s, -2*s = 0. What is the tens digit of h?
3
Suppose 4*y + 17 = -5*s, 3*s - 2*y + 25 = 3*y. Let w be ((-10)/(-4))/(s/(-4)). Suppose -4*t = 4, w*d + 3*t - 84 = 37. What is the tens digit of d?
6
Let y(t) = t**2 - 3*t - 7. Let p be y(5). Suppose -2419 = -2*g - p*z, -5*g + 2048 = 2*z - 3994. What is the units digit of g?
8
Suppose -5*a = -5*o + 20115, -4*o - 15*a + 17*a = -16092. Suppose 7*b = -33 + o. What is the units digit of b?
0
Let j = 40 + 5. What is the hundreds digit of 4535/j + (-6)/(-27)?
1
Let r(j) = -843*j - 153. Let x be r(-5). Suppose 5*p = x - 1647. What is the hundreds digit of p?
4
Suppose 60 = 5*x + 10. Let a = x - -509. What is the hundreds digit of a?
5
Let s(g) = 25*g**2 - 38*g + 247. Let x(h) = 2*h**2 + 2*h + 2. Let m(w) = s(w) - 6*x(w). What is the tens digit of m(5)?
1
Let w(d) = 2*d**2 - 21*d + 58. What is the thousands digit of w(-31)?
2
Suppose 17*s + 388098 = 47*s - 3*s. What is the hundreds digit of s?
3
Suppose -3*d = 5*q + 1 - 2, -3*d - 2*q + 4 = 0. Suppose -428 = -2*n + 5*a, 0*n + d*n = -4*a + 446. What is the tens digit of n?
1
Let k be (36/(-21) + 0)/(5/35). Let t(p) = -p - 36. Let r be t(k). What is the hundreds digit of (r/(-6) - 5) + 0 + 200?
1
Let l = 841 + -451. Let v = l - 224. What is the units digit of v?
6
What is the hundreds digit of (((-78)/22)/13)/(-3) - (-492150)/11?
7
What is the tens digit of -19 + (31166 - 8) + 7?
4
Suppose 0 = -x - 4*a - 8, -3*a = 5*x - 2*a + 2. Let r(y) = 6*y + 123. What is the hundreds digit of r(x)?
1
Let q(i) = 159*i**2 + 5*i + 2. Suppose 0 = 5*j - 2*j - 3. What is the units digit of q(j)?
6
Suppose 329*u - 6288 = 335*u. Let f = -339 - u. What is the units digit of f?
9
Let f(l) be the second derivative of 2*l**4 - l**3 - l. Suppose 18*o + 261 - 315 = 0. What is the hundreds digit of f(o)?
1
Let p(w) = 2*w**2 - 37*w + 18. Let r be p(18). Suppose 0*o + 6*o = r. Suppose o*s - 532 = -4*s. What is the units digit of s?
3
Suppose 0 = 75*q - 457988 + 38363. What is the hundreds digit of q?
5
Let r(s) = s**3 + 12*s**2 - 10*s - 3. Let x be r(-11). Let v be (1/3)/(2/(-12))*-61. Let j = x - v. What is the units digit of j?
6
Let j = 201 + -201. Suppose j = -s - 0*q + 4*q + 255, -1115 = -4*s - 3*q. What is the units digit of s?
5
Let i(g) = 786*g - 3609. What is the thousands digit of i(42)?
9
Suppose 64 = 2*v + 14*v. Suppose 4*q - 2626 = -2*b + v*b, 0 = -2*q - 3*b + 1301. What is the tens digit of q?
5
Let o = -413 - -489. Suppose -700 = 73*m -